divisor of 1394 and i?
17
Let p be (30/(-9))/(-2*4/24). Let t(a) = -8*a - 16. Suppose 3*r + 2*u = -11, r + r + 29 = 3*u. Let d be t(r). Calculate the greatest common divisor of d and p.
10
Let z = 160 - 161. Let v be 4 - (-2 + -161 + z). What is the highest common divisor of v and 21?
21
Let w be (9890/345)/((-2)/(-360)). What is the highest common divisor of 120 and w?
120
Let w(g) = 2*g**2 + 3*g + 3. Let k be w(4). Let y = k + -45. Suppose -y*f - f = 12, -2*u + 5*f + 36 = 0. Calculate the highest common divisor of 8 and u.
8
Let h(b) = 2*b**2 + 1040*b - 6260. Let v be h(6). Let g(j) = 9*j - 1. Let u be g(3). Calculate the greatest common factor of v and u.
26
Suppose 2*n - 36 = -3*h, 39*n - 42*n - h + 33 = 0. What is the greatest common divisor of n and 2271?
3
Let p(z) = -19*z**2 + 2*z + 112. Let u be p(0). What is the highest common divisor of u and 200?
8
Let f(z) = 8*z - 94. Let l be f(12). Suppose -l*g + 47 = -57. Calculate the highest common divisor of g and 91.
13
Let j = -273 - -288. Suppose w = 3*z + j, 0*z + 3 = -z. Calculate the highest common factor of w and 4.
2
Suppose 5*h + s = -s + 84, 0 = -h + s + 21. Let f = 52 + h. What is the highest common factor of f and 175?
35
Let x = 903 - 861. Calculate the highest common divisor of 3801 and x.
21
Let c(h) = 10*h**2 + 18*h - 4. Let i be c(8). Suppose 0 = 5*x - 3*x - i. What is the highest common factor of 39 and x?
39
Let x = -32 + 35. Suppose 11 - 2 = x*w. Let l(a) = -a - 2. Let h be l(-5). What is the highest common divisor of h and w?
3
Let p be (36/(-1))/(-1) - -2. Let o be 7 + -40 + 16 + (-1 - -20). What is the greatest common divisor of o and p?
2
Suppose -8*y + y + 11*y = 72. Calculate the greatest common divisor of y and 2511.
9
Let q = 193 - -7. Suppose 388*p - 373*p + 38 - 158 = 0. Calculate the greatest common factor of q and p.
8
Let q(f) = 3*f + 7. Suppose -7*y = -43 - 6. Let b be q(y). Suppose -b = -3*u - 4*u. Calculate the greatest common divisor of 20 and u.
4
Suppose 0 = a - 6, 5*g - 12*a - 502 = -9*a. What is the highest common divisor of 1846 and g?
26
Let m = -286 - -348. Let y = m + -20. Let j(f) = -f. Let i be j(-6). Calculate the greatest common divisor of y and i.
6
Let q be (4 + -2)/((-2)/(-2)). Let o(v) = 609*v + 6092. Let w be o(-10). Calculate the highest common divisor of q and w.
2
Let b(z) = 18*z + 90. Let y be b(-5). Suppose y = 32*l - 157 - 227. What is the highest common factor of l and 8?
4
Let q = -6 - -82. Let j be -1 + 4 + 0 + (16 - 6). Suppose -8*d = -19 - j. Calculate the greatest common factor of d and q.
4
Let q(g) = g**3 + 9*g**2 + 7*g - 7. Let z be q(-7). Let x = 1253 + -875. What is the highest common factor of z and x?
42
Let i(q) be the third derivative of q**5/12 + 5*q**4/24 - 9*q**3/2 - q**2 + 9. Let g be i(9). Calculate the greatest common factor of g and 47.
47
Suppose -5*v - 87 = -2*n, -5*n + 99 = -2*v - 108. Calculate the greatest common factor of 369 and n.
41
Suppose 8*n = -1356 - 2732. Let y = n + 513. Suppose 0 = -3*l + 2*z + z + 78, -5*l = 4*z - 94. What is the highest common divisor of y and l?
2
Let f = 6 - -8. Let c = 1433 + -1167. What is the greatest common factor of c and f?
14
Let q be -68*(330/(-12))/5. Suppose 9*b - q = 211. Suppose -b = -8*s + 79. What is the highest common divisor of s and 72?
18
Let j be 2 + (-12)/15*-5. Let a be 60/36 - (-530)/j. Let f be (1/((-4)/(-3)))/(31/1240). Calculate the greatest common divisor of a and f.
30
Let i be 2/1 + (-147 - -158)*4/11. What is the highest common divisor of 3147 and i?
3
Suppose 0 = -5*p - 3*n + 3142, 40*p + n = 45*p - 3166. Calculate the highest common divisor of p and 4266.
158
Let m = 7538 + -7506. What is the greatest common divisor of 20 and m?
4
Let x be (-13015)/(-133) - (-4)/28. What is the highest common factor of x and 8722?
98
Suppose -2*j - 3*r = -945, 4*r + 424 = j - 76. Calculate the greatest common factor of j and 465.
15
Suppose 0 = -5*u + 3*t + 117, 4 = -0*t + 4*t. Suppose 4*y + 981 = 4*x + 3*y, -4*y + 224 = x. Suppose 252 = k + x. What is the greatest common factor of k and u?
8
Let n be 65*(7/14)/(1/2). Suppose -11*f = -6*f - n. Suppose -f = -2*u - 11. Calculate the highest common factor of 12 and u.
1
Let q be (-2 + 5)*-4*(-9)/6. Let l(y) = -y**2 + 27*y - 18. Let h be l(q). What is the greatest common divisor of 32 and h?
16
Suppose 4*i - 4 = 4*f, -3*f + 2 + 31 = 3*i. Let n(k) = -k**3 + 38*k**2 - 32*k - 182. Let h be n(37). Calculate the highest common factor of i and h.
3
Suppose 270 = -5*r + 870. Let z be ((-5)/(-15))/(1/6). Suppose -3*o + 244 = -z*d, 0 = 4*o - 2*d - 92 - 232. Calculate the highest common divisor of r and o.
40
Let l(q) = 15 - 60*q**2 + 59*q**2 + 4*q - 18. Let n be l(3). Suppose 7*p - 8*p + 20 = n. Calculate the highest common factor of p and 50.
10
Suppose -x + 142*d + 99 = 141*d, 4*x = -2*d + 378. Suppose 11*m - 60 = 6*m. What is the highest common divisor of x and m?
12
Suppose 4*u - 91 = -y - 0*u, 0 = -4*u - 12. Suppose -2*m + 156 = 3*x, 2*x - 9*m = -10*m + y. Let p = -53 + 103. Calculate the greatest common factor of x and p.
50
Suppose 28*q - 525 = -5*h + 25*q, 0 = -q - 5. Calculate the highest common factor of 4833 and h.
27
Suppose -18*v = -13*v - 15, a - v + 615 = 0. Let b = a - -662. Calculate the highest common factor of 220 and b.
10
Suppose 7*d = 3*d + 8. Suppose 2*j - 4*f - 248 = -6*f, 0 = -d*j + 4*f + 248. What is the greatest common factor of j and 31?
31
Suppose -3*g - w = -0*g - 9, -15 = 5*w. Let a be 40/(g/2) - 2. Suppose 154 = j - 5*b, j - 7*b = -5*b + 148. Calculate the greatest common factor of a and j.
18
Let n be ((36/(-70))/((-330)/1540))/((-1)/(-240)). Calculate the greatest common divisor of n and 456.
24
Suppose -2*f = -5*f + 9. Suppose 9 = -2*h + 3*c + 2*c, 0 = 4*h - 3*c - f. Let q be 67 - (-4 + h - -4). What is the highest common divisor of 96 and q?
32
Suppose 6*n + 10*n - 448 = 0. Calculate the greatest common divisor of 1988 and n.
28
Let w(g) = 8*g**3 + 2*g**2 - 3*g + 4. Let c be w(2). Let k(f) = 64*f + 6. Let q be k(1). Calculate the highest common factor of q and c.
70
Suppose 39*p - 37*p = -3*n + 13, 4*n = -2*p + 14. Let h be n + 22 + 1 - (-3 + 7). Calculate the highest common divisor of h and 370.
10
Suppose -1046 = -2*u + 4*g, u - 2*g = 2*g + 529. Let k(a) = -196*a**3 + a. Let i be k(1). Let h = i + u. What is the greatest common factor of h and 46?
46
Let d be (148 - 130)/(3/34). What is the highest common divisor of d and 136?
68
Suppose -y + 97 = -j, 4701*y - 4704*y + 5*j = -301. Calculate the highest common factor of y and 2254.
46
Let r(s) = s**3 + 26*s**2 - 8*s - 320. Let c be r(-25). Calculate the highest common divisor of 1717 and c.
101
Suppose -4*o + 10 = -2*d, 3*d - 2*d + 3*o - 15 = 0. Let f be (1006/4 + d)/(2/4). Suppose -f = -7*h - 117. Calculate the greatest common divisor of 8 and h.
8
Let o = -21395 + 21661. Calculate the greatest common factor of o and 23807.
133
Let v be ((-114)/12)/(1/(-22)). Suppose -3*x = -0*d + 5*d - 151, -2*x + d + 118 = 0. Suppose -x = -5*n + 38. What is the highest common factor of v and n?
19
Suppose 6*f - 12 = 2*f, 0 = 3*y - 5*f - 426. Calculate the highest common divisor of y and 42.
21
Let s(m) = -169*m + 4457. Let c be s(26). What is the highest common divisor of 7 and c?
7
Let r(p) = -p**2 - 7*p + 9. Let k be r(-8). Let b(c) = -1 + 8*c - 3*c**2 - 7 + 4*c**2. Let s be b(-9). What is the greatest common factor of s and k?
1
Let d = 61 - 67. Let a be d/(270/55) - 4/(-18). Let b(n) = -22*n**3 + 2*n**2 - n - 2. Let l be b(a). What is the greatest common divisor of l and 69?
23
Let g(t) = t**3 + 5*t**2 - 15. Let d(n) = 2*n**3 + 9*n**2 - 30. Let s(a) = -3*d(a) + 5*g(a). Let f be s(0). What is the highest common divisor of 25 and f?
5
Let d(n) = n**2 - 3*n - 18. Let q be d(6). Let x be -6 + 39 - (-2 + q). Suppose -31*a = -x*a + 36. What is the greatest common divisor of a and 45?
9
Let o(t) = 10*t**3 - 73*t**2 + 10*t - 8. Let x be o(8). What is the highest common factor of x and 23140?
260
Suppose -48*v - 84 = -52*v. Let l = v - 11. Calculate the greatest common divisor of 50 and l.
10
Suppose 0 = -g + 6 - 0. Let w = 111204 + -111170. What is the greatest common factor of g and w?
2
Let u(k) = 85*k**2 + 4*k - 4. Suppose z - 2*z + 9 = 4*t, -3*t 